{"id":3790,"date":"2025-06-26T14:38:34","date_gmt":"2025-06-26T12:38:34","guid":{"rendered":"https:\/\/monteroaramburu-stg.servidortemporal.net\/persona\/ana-ma-feria-plaza-2\/"},"modified":"2025-10-24T13:55:14","modified_gmt":"2025-10-24T11:55:14","slug":"ana-ma-feria-plaza","status":"publish","type":"persona","link":"https:\/\/www.monteroaramburugva.com\/en\/persona\/ana-ma-feria-plaza\/","title":{"rendered":"Ana M\u00aa Feria Plaza"},"content":{"rendered":"\r\r<div id=\"CustomizableBox-block_797cdf13a9f8643f3c9a23ab82c535f8\" class=\"CustomizableBox  fondo_1\" style='background: \r        linear-gradient(270deg, #D5D5D3 0%, #FFF 100%), \r        linear-gradient(0deg, rgba(213, 213, 211, 0.65) 0%, rgba(213, 213, 211, 0.65) 100%), \r        linear-gradient(0deg, #FFF 0%, #FFF 100%), \r        linear-gradient(0deg, #D5D5D3 0%, #D5D5D3 100%), \r        url(\"https:\/\/www.monteroaramburugva.com\/wp-content\/themes\/montero_aramburu\/assets\/images\/background-22\/fondo_1.webp\")\r        lightgray 50% \/ cover no-repeat;\r        background-blend-mode: soft-light, normal, soft-light, color, normal;\r        background-repeat: no-repeat;\r        background-size: cover;'>\r    <div class=\"container\">\r        <div class=\"row\">\r            <div class=\"col-12\">\r                <div class=\"topColumn texto_plano\">\r                    <div class=\"itemTitulo\"><\/div>\r                                    <\/div>\r                <div class=\"bottomColumn izquierda\">\r                                            <div class=\"itemImagen\" style=\"background-image: url(https:\/\/www.monteroaramburugva.com\/wp-content\/uploads\/2025\/03\/greeenn-speed-scaled.jpg)\"><\/div>\r                                        <div class=\"itemContent hasImage\">\r                                                    <div class=\"boxAcordeon texto_plano\">\r                                                                                                            <div class=\"itemAcordeon tabPlana single\">\r                                            <div class=\"texts\">\r                                                                                                <div class=\"itemTexto\"><p><strong>HIGHER ACADEMIC QUALIFICATIONS<\/strong><\/p>\n<p>Graduate in Law. University of Huelva (1999).<\/p>\n<p>Master&#8217;s Degree in Tax Advice. <em>Instituto de Estudios Jur\u00eddicos Cajasol<\/em> (2000).<\/p>\n<p>Member number 1946 of the Bar Association of Huelva.<\/p>\n<p><strong>CURRENT PROFESSIONAL EXPERIENCE<\/strong><\/p>\n<p>She has extensive experience providing tax advice to business groups in various sectors, including construction, the automotive industry, healthcare and hospitality, agricultural cooperatives, and the commercial sector. She has also advised on numerous tax audit procedures and on the corresponding administrative appeals against assessments arising from such proceedings.<\/p>\n<p>She also specializes in Value Added Tax, with extensive experience in tax analysis and planning, reporting, and the management of various tax procedures.<\/p>\n<p><strong>TEACHING EXPERIENCE<\/strong><strong>\u00a0<\/strong><\/p>\n<p>Regular speaker at seminars and conferences on issues related to Value Added Tax, the Immediate Information Supply system, and electronic invoicing.<\/p>\n<p>Lecturer in the MBA master&#8217;s program at the Official Chamber of Commerce, Industry and Navigation of Seville.<\/p>\n<p>Conference on the General Indirect Tax in Andorra, organized by Cr\u00e8dit Andorra .<\/p>\n<p><strong>PUBLICATIONS<\/strong><\/p>\n<p>Article &#8220;<em>Tratamiento en el Impuesto sobre el Valor A\u00f1adido de los descuentos por financiaci\u00f3n (promofinance) en las ventas de veh\u00edculos por concesionarios. Consulta de la Direcci\u00f3n General de Tributos V1542\/2018<\/em>\u201d, published in the yearbook <em>2019 Pr\u00e1ctica Fiscal para Abogados<\/em>.<\/p>\n<\/div>\r                                            <\/div>\r                                                                                                                                <\/div>\r                                                                                                <\/div>\r                                                                    <\/div>\r                <\/div>\r            <\/div>\r        <\/div>\r    <\/div>\r<\/div>","protected":false},"featured_media":3791,"template":"","meta":{"_acf_changed":true},"cargo":[154,93],"class_list":["post-3790","persona","type-persona","status-publish","has-post-thumbnail","hentry","cargo-senior-associate","cargo-lawyer-in-75"],"acf":[],"yoast_head":"<!-- This site is optimized with the Yoast SEO plugin v27.4 - https:\/\/yoast.com\/product\/yoast-seo-wordpress\/ -->\n<title>Ana M\u00aa Feria Plaza - Montero Aramburu &amp; GVA<\/title>\n<meta name=\"robots\" content=\"index, follow, max-snippet:-1, max-image-preview:large, max-video-preview:-1\" \/>\n<link rel=\"canonical\" href=\"https:\/\/www.monteroaramburugva.com\/en\/persona\/ana-ma-feria-plaza\/\" \/>\n<meta property=\"og:locale\" content=\"en_US\" \/>\n<meta property=\"og:type\" content=\"article\" \/>\n<meta property=\"og:title\" content=\"Ana M\u00aa Feria Plaza - Montero Aramburu &amp; GVA\" \/>\n<meta property=\"og:url\" content=\"https:\/\/www.monteroaramburugva.com\/en\/persona\/ana-ma-feria-plaza\/\" \/>\n<meta property=\"og:site_name\" content=\"Montero Aramburu &amp; GVA\" \/>\n<meta property=\"article:modified_time\" content=\"2025-10-24T11:55:14+00:00\" \/>\n<meta property=\"og:image\" content=\"https:\/\/www.monteroaramburugva.com\/wp-content\/uploads\/2025\/06\/Web-Fiscal-Ana-feria_M3A6382-1.jpg\" \/>\n\t<meta property=\"og:image:width\" content=\"494\" \/>\n\t<meta property=\"og:image:height\" content=\"262\" \/>\n\t<meta property=\"og:image:type\" content=\"image\/jpeg\" \/>\n<meta name=\"twitter:card\" content=\"summary_large_image\" \/>\n<meta name=\"twitter:label1\" content=\"Est. reading time\" \/>\n\t<meta name=\"twitter:data1\" content=\"1 minute\" \/>\n<script type=\"application\/ld+json\" class=\"yoast-schema-graph\">{\"@context\":\"https:\\\/\\\/schema.org\",\"@graph\":[{\"@type\":\"WebPage\",\"@id\":\"https:\\\/\\\/www.monteroaramburugva.com\\\/en\\\/persona\\\/ana-ma-feria-plaza\\\/\",\"url\":\"https:\\\/\\\/www.monteroaramburugva.com\\\/en\\\/persona\\\/ana-ma-feria-plaza\\\/\",\"name\":\"Ana M\u00aa Feria Plaza - Montero Aramburu &amp; GVA\",\"isPartOf\":{\"@id\":\"https:\\\/\\\/www.monteroaramburugva.com\\\/en\\\/#website\"},\"primaryImageOfPage\":{\"@id\":\"https:\\\/\\\/www.monteroaramburugva.com\\\/en\\\/persona\\\/ana-ma-feria-plaza\\\/#primaryimage\"},\"image\":{\"@id\":\"https:\\\/\\\/www.monteroaramburugva.com\\\/en\\\/persona\\\/ana-ma-feria-plaza\\\/#primaryimage\"},\"thumbnailUrl\":\"https:\\\/\\\/www.monteroaramburugva.com\\\/wp-content\\\/uploads\\\/2025\\\/06\\\/Web-Fiscal-Ana-feria_M3A6382-1.jpg\",\"datePublished\":\"2025-06-26T12:38:34+00:00\",\"dateModified\":\"2025-10-24T11:55:14+00:00\",\"breadcrumb\":{\"@id\":\"https:\\\/\\\/www.monteroaramburugva.com\\\/en\\\/persona\\\/ana-ma-feria-plaza\\\/#breadcrumb\"},\"inLanguage\":\"en-US\",\"potentialAction\":[{\"@type\":\"ReadAction\",\"target\":[\"https:\\\/\\\/www.monteroaramburugva.com\\\/en\\\/persona\\\/ana-ma-feria-plaza\\\/\"]}]},{\"@type\":\"ImageObject\",\"inLanguage\":\"en-US\",\"@id\":\"https:\\\/\\\/www.monteroaramburugva.com\\\/en\\\/persona\\\/ana-ma-feria-plaza\\\/#primaryimage\",\"url\":\"https:\\\/\\\/www.monteroaramburugva.com\\\/wp-content\\\/uploads\\\/2025\\\/06\\\/Web-Fiscal-Ana-feria_M3A6382-1.jpg\",\"contentUrl\":\"https:\\\/\\\/www.monteroaramburugva.com\\\/wp-content\\\/uploads\\\/2025\\\/06\\\/Web-Fiscal-Ana-feria_M3A6382-1.jpg\",\"width\":494,\"height\":262},{\"@type\":\"BreadcrumbList\",\"@id\":\"https:\\\/\\\/www.monteroaramburugva.com\\\/en\\\/persona\\\/ana-ma-feria-plaza\\\/#breadcrumb\",\"itemListElement\":[{\"@type\":\"ListItem\",\"position\":1,\"name\":\"Portada\",\"item\":\"https:\\\/\\\/www.monteroaramburugva.com\\\/en\\\/\"},{\"@type\":\"ListItem\",\"position\":2,\"name\":\"Ana M\u00aa Feria Plaza\"}]},{\"@type\":\"WebSite\",\"@id\":\"https:\\\/\\\/www.monteroaramburugva.com\\\/en\\\/#website\",\"url\":\"https:\\\/\\\/www.monteroaramburugva.com\\\/en\\\/\",\"name\":\"Montero Aramburu &amp; GVA\",\"description\":\"Montero Aramburu &amp; G\u00f3mez-Villares Atencia ofrece asesoramiento legal especializado en diferentes \u00e1reas del derecho empresarial y corporativo\",\"publisher\":{\"@id\":\"https:\\\/\\\/www.monteroaramburugva.com\\\/en\\\/#organization\"},\"potentialAction\":[{\"@type\":\"SearchAction\",\"target\":{\"@type\":\"EntryPoint\",\"urlTemplate\":\"https:\\\/\\\/www.monteroaramburugva.com\\\/en\\\/?s={search_term_string}\"},\"query-input\":{\"@type\":\"PropertyValueSpecification\",\"valueRequired\":true,\"valueName\":\"search_term_string\"}}],\"inLanguage\":\"en-US\"},{\"@type\":\"Organization\",\"@id\":\"https:\\\/\\\/www.monteroaramburugva.com\\\/en\\\/#organization\",\"name\":\"Montero Aramburu &amp; GVA\",\"url\":\"https:\\\/\\\/www.monteroaramburugva.com\\\/en\\\/\",\"logo\":{\"@type\":\"ImageObject\",\"inLanguage\":\"en-US\",\"@id\":\"https:\\\/\\\/www.monteroaramburugva.com\\\/en\\\/#\\\/schema\\\/logo\\\/image\\\/\",\"url\":\"https:\\\/\\\/www.monteroaramburugva.com\\\/wp-content\\\/uploads\\\/2025\\\/03\\\/Logo.svg\",\"contentUrl\":\"https:\\\/\\\/www.monteroaramburugva.com\\\/wp-content\\\/uploads\\\/2025\\\/03\\\/Logo.svg\",\"width\":155,\"height\":65,\"caption\":\"Montero Aramburu &amp; GVA\"},\"image\":{\"@id\":\"https:\\\/\\\/www.monteroaramburugva.com\\\/en\\\/#\\\/schema\\\/logo\\\/image\\\/\"}}]}<\/script>\n<!-- \/ Yoast SEO plugin. -->","yoast_head_json":{"title":"Ana M\u00aa Feria Plaza - Montero Aramburu &amp; GVA","robots":{"index":"index","follow":"follow","max-snippet":"max-snippet:-1","max-image-preview":"max-image-preview:large","max-video-preview":"max-video-preview:-1"},"canonical":"https:\/\/www.monteroaramburugva.com\/en\/persona\/ana-ma-feria-plaza\/","og_locale":"en_US","og_type":"article","og_title":"Ana M\u00aa Feria Plaza - Montero Aramburu &amp; GVA","og_url":"https:\/\/www.monteroaramburugva.com\/en\/persona\/ana-ma-feria-plaza\/","og_site_name":"Montero Aramburu &amp; GVA","article_modified_time":"2025-10-24T11:55:14+00:00","og_image":[{"width":494,"height":262,"url":"https:\/\/www.monteroaramburugva.com\/wp-content\/uploads\/2025\/06\/Web-Fiscal-Ana-feria_M3A6382-1.jpg","type":"image\/jpeg"}],"twitter_card":"summary_large_image","twitter_misc":{"Est. reading time":"1 minute"},"schema":{"@context":"https:\/\/schema.org","@graph":[{"@type":"WebPage","@id":"https:\/\/www.monteroaramburugva.com\/en\/persona\/ana-ma-feria-plaza\/","url":"https:\/\/www.monteroaramburugva.com\/en\/persona\/ana-ma-feria-plaza\/","name":"Ana M\u00aa Feria Plaza - Montero Aramburu &amp; GVA","isPartOf":{"@id":"https:\/\/www.monteroaramburugva.com\/en\/#website"},"primaryImageOfPage":{"@id":"https:\/\/www.monteroaramburugva.com\/en\/persona\/ana-ma-feria-plaza\/#primaryimage"},"image":{"@id":"https:\/\/www.monteroaramburugva.com\/en\/persona\/ana-ma-feria-plaza\/#primaryimage"},"thumbnailUrl":"https:\/\/www.monteroaramburugva.com\/wp-content\/uploads\/2025\/06\/Web-Fiscal-Ana-feria_M3A6382-1.jpg","datePublished":"2025-06-26T12:38:34+00:00","dateModified":"2025-10-24T11:55:14+00:00","breadcrumb":{"@id":"https:\/\/www.monteroaramburugva.com\/en\/persona\/ana-ma-feria-plaza\/#breadcrumb"},"inLanguage":"en-US","potentialAction":[{"@type":"ReadAction","target":["https:\/\/www.monteroaramburugva.com\/en\/persona\/ana-ma-feria-plaza\/"]}]},{"@type":"ImageObject","inLanguage":"en-US","@id":"https:\/\/www.monteroaramburugva.com\/en\/persona\/ana-ma-feria-plaza\/#primaryimage","url":"https:\/\/www.monteroaramburugva.com\/wp-content\/uploads\/2025\/06\/Web-Fiscal-Ana-feria_M3A6382-1.jpg","contentUrl":"https:\/\/www.monteroaramburugva.com\/wp-content\/uploads\/2025\/06\/Web-Fiscal-Ana-feria_M3A6382-1.jpg","width":494,"height":262},{"@type":"BreadcrumbList","@id":"https:\/\/www.monteroaramburugva.com\/en\/persona\/ana-ma-feria-plaza\/#breadcrumb","itemListElement":[{"@type":"ListItem","position":1,"name":"Portada","item":"https:\/\/www.monteroaramburugva.com\/en\/"},{"@type":"ListItem","position":2,"name":"Ana M\u00aa Feria Plaza"}]},{"@type":"WebSite","@id":"https:\/\/www.monteroaramburugva.com\/en\/#website","url":"https:\/\/www.monteroaramburugva.com\/en\/","name":"Montero Aramburu &amp; GVA","description":"Montero Aramburu &amp; G\u00f3mez-Villares Atencia ofrece asesoramiento legal especializado en diferentes \u00e1reas del derecho empresarial y corporativo","publisher":{"@id":"https:\/\/www.monteroaramburugva.com\/en\/#organization"},"potentialAction":[{"@type":"SearchAction","target":{"@type":"EntryPoint","urlTemplate":"https:\/\/www.monteroaramburugva.com\/en\/?s={search_term_string}"},"query-input":{"@type":"PropertyValueSpecification","valueRequired":true,"valueName":"search_term_string"}}],"inLanguage":"en-US"},{"@type":"Organization","@id":"https:\/\/www.monteroaramburugva.com\/en\/#organization","name":"Montero Aramburu &amp; GVA","url":"https:\/\/www.monteroaramburugva.com\/en\/","logo":{"@type":"ImageObject","inLanguage":"en-US","@id":"https:\/\/www.monteroaramburugva.com\/en\/#\/schema\/logo\/image\/","url":"https:\/\/www.monteroaramburugva.com\/wp-content\/uploads\/2025\/03\/Logo.svg","contentUrl":"https:\/\/www.monteroaramburugva.com\/wp-content\/uploads\/2025\/03\/Logo.svg","width":155,"height":65,"caption":"Montero Aramburu &amp; GVA"},"image":{"@id":"https:\/\/www.monteroaramburugva.com\/en\/#\/schema\/logo\/image\/"}}]}},"_links":{"self":[{"href":"https:\/\/www.monteroaramburugva.com\/en\/wp-json\/wp\/v2\/persona\/3790","targetHints":{"allow":["GET"]}}],"collection":[{"href":"https:\/\/www.monteroaramburugva.com\/en\/wp-json\/wp\/v2\/persona"}],"about":[{"href":"https:\/\/www.monteroaramburugva.com\/en\/wp-json\/wp\/v2\/types\/persona"}],"wp:featuredmedia":[{"embeddable":true,"href":"https:\/\/www.monteroaramburugva.com\/en\/wp-json\/wp\/v2\/media\/3791"}],"wp:attachment":[{"href":"https:\/\/www.monteroaramburugva.com\/en\/wp-json\/wp\/v2\/media?parent=3790"}],"wp:term":[{"taxonomy":"cargo","embeddable":true,"href":"https:\/\/www.monteroaramburugva.com\/en\/wp-json\/wp\/v2\/cargo?post=3790"}],"curies":[{"name":"wp","href":"https:\/\/api.w.org\/{rel}","templated":true}]}}

Ana Mª Feria Plaza

<div id="CustomizableBox-block_797cdf13a9f8643f3c9a23ab82c535f8" class="CustomizableBox  fondo_1" style='background:         linear-gradient(270deg, #D5D5D3 0%, #FFF 100%),         linear-gradient(0deg, rgba(213, 213, 211, 0.65) 0%, rgba(213, 213, 211, 0.65) 100%),         linear-gradient(0deg, #FFF 0%, #FFF 100%),         linear-gradient(0deg, #D5D5D3 0%, #D5D5D3 100%),         url("https://www.monteroaramburugva.com/wp-content/themes/montero_aramburu/assets/images/background-22/fondo_1.webp")        lightgray 50% / cover no-repeat;        background-blend-mode: soft-light, normal, soft-light, color, normal;        background-repeat: no-repeat;        background-size: cover;'>    <div class="container">        <div class="row">            <div class="col-12">                <div class="topColumn texto_plano">                    <div class="itemTitulo"></div>                                    </div>                <div class="bottomColumn izquierda">                                            <div class="itemImagen" style="background-image: url(https://www.monteroaramburugva.com/wp-content/uploads/2025/03/greeenn-speed-scaled.jpg)"></div>                                        <div class="itemContent hasImage">                                                    <div class="boxAcordeon texto_plano">                                                                                                            <div class="itemAcordeon tabPlana single">                                            <div class="texts">                                                                                                <div class="itemTexto"><p><strong>HIGHER ACADEMIC QUALIFICATIONS</strong></p>
<p>Graduate in Law. University of Huelva (1999).</p>
<p>Master&#8217;s Degree in Tax Advice. <em>Instituto de Estudios Jurídicos Cajasol</em> (2000).</p>
<p>Member number 1946 of the Bar Association of Huelva.</p>
<p><strong>CURRENT PROFESSIONAL EXPERIENCE</strong></p>
<p>She has extensive experience providing tax advice to business groups in various sectors, including construction, the automotive industry, healthcare and hospitality, agricultural cooperatives, and the commercial sector. She has also advised on numerous tax audit procedures and on the corresponding administrative appeals against assessments arising from such proceedings.</p>
<p>She also specializes in Value Added Tax, with extensive experience in tax analysis and planning, reporting, and the management of various tax procedures.</p>
<p><strong>TEACHING EXPERIENCE</strong><strong> </strong></p>
<p>Regular speaker at seminars and conferences on issues related to Value Added Tax, the Immediate Information Supply system, and electronic invoicing.</p>
<p>Lecturer in the MBA master&#8217;s program at the Official Chamber of Commerce, Industry and Navigation of Seville.</p>
<p>Conference on the General Indirect Tax in Andorra, organized by Crèdit Andorra .</p>
<p><strong>PUBLICATIONS</strong></p>
<p>Article &#8220;<em>Tratamiento en el Impuesto sobre el Valor Añadido de los descuentos por financiación (promofinance) en las ventas de vehículos por concesionarios. Consulta de la Dirección General de Tributos V1542/2018</em>”, published in the yearbook <em>2019 Práctica Fiscal para Abogados</em>.</p>
</div>                                            </div>                                                                                                                                </div>                                                                                                </div>                                                                    </div>                </div>            </div>        </div>    </div></div>

<!-- This site is optimized with the Yoast SEO plugin v27.4 - https://yoast.com/product/yoast-seo-wordpress/ -->
<title>Ana Mª Feria Plaza - Montero Aramburu &amp; GVA</title>
<meta name="robots" content="index, follow, max-snippet:-1, max-image-preview:large, max-video-preview:-1" />
<link rel="canonical" href="https://www.monteroaramburugva.com/en/persona/ana-ma-feria-plaza/" />
<meta property="og:locale" content="en_US" />
<meta property="og:type" content="article" />
<meta property="og:title" content="Ana Mª Feria Plaza - Montero Aramburu &amp; GVA" />
<meta property="og:url" content="https://www.monteroaramburugva.com/en/persona/ana-ma-feria-plaza/" />
<meta property="og:site_name" content="Montero Aramburu &amp; GVA" />
<meta property="article:modified_time" content="2025-10-24T11:55:14+00:00" />
<meta property="og:image" content="https://www.monteroaramburugva.com/wp-content/uploads/2025/06/Web-Fiscal-Ana-feria_M3A6382-1.jpg" />
	<meta property="og:image:width" content="494" />
	<meta property="og:image:height" content="262" />
	<meta property="og:image:type" content="image/jpeg" />
<meta name="twitter:card" content="summary_large_image" />
<meta name="twitter:label1" content="Est. reading time" />
	<meta name="twitter:data1" content="1 minute" />
<script type="application/ld+json" class="yoast-schema-graph">{"@context":"https:\/\/schema.org","@graph":[{"@type":"WebPage","@id":"https:\/\/www.monteroaramburugva.com\/en\/persona\/ana-ma-feria-plaza\/","url":"https:\/\/www.monteroaramburugva.com\/en\/persona\/ana-ma-feria-plaza\/","name":"Ana Mª Feria Plaza - Montero Aramburu &amp; GVA","isPartOf":{"@id":"https:\/\/www.monteroaramburugva.com\/en\/#website"},"primaryImageOfPage":{"@id":"https:\/\/www.monteroaramburugva.com\/en\/persona\/ana-ma-feria-plaza\/#primaryimage"},"image":{"@id":"https:\/\/www.monteroaramburugva.com\/en\/persona\/ana-ma-feria-plaza\/#primaryimage"},"thumbnailUrl":"https:\/\/www.monteroaramburugva.com\/wp-content\/uploads\/2025\/06\/Web-Fiscal-Ana-feria_M3A6382-1.jpg","datePublished":"2025-06-26T12:38:34+00:00","dateModified":"2025-10-24T11:55:14+00:00","breadcrumb":{"@id":"https:\/\/www.monteroaramburugva.com\/en\/persona\/ana-ma-feria-plaza\/#breadcrumb"},"inLanguage":"en-US","potentialAction":[{"@type":"ReadAction","target":["https:\/\/www.monteroaramburugva.com\/en\/persona\/ana-ma-feria-plaza\/"]}]},{"@type":"ImageObject","inLanguage":"en-US","@id":"https:\/\/www.monteroaramburugva.com\/en\/persona\/ana-ma-feria-plaza\/#primaryimage","url":"https:\/\/www.monteroaramburugva.com\/wp-content\/uploads\/2025\/06\/Web-Fiscal-Ana-feria_M3A6382-1.jpg","contentUrl":"https:\/\/www.monteroaramburugva.com\/wp-content\/uploads\/2025\/06\/Web-Fiscal-Ana-feria_M3A6382-1.jpg","width":494,"height":262},{"@type":"BreadcrumbList","@id":"https:\/\/www.monteroaramburugva.com\/en\/persona\/ana-ma-feria-plaza\/#breadcrumb","itemListElement":[{"@type":"ListItem","position":1,"name":"Portada","item":"https:\/\/www.monteroaramburugva.com\/en\/"},{"@type":"ListItem","position":2,"name":"Ana Mª Feria Plaza"}]},{"@type":"WebSite","@id":"https:\/\/www.monteroaramburugva.com\/en\/#website","url":"https:\/\/www.monteroaramburugva.com\/en\/","name":"Montero Aramburu &amp; GVA","description":"Montero Aramburu &amp; Gómez-Villares Atencia ofrece asesoramiento legal especializado en diferentes áreas del derecho empresarial y corporativo","publisher":{"@id":"https:\/\/www.monteroaramburugva.com\/en\/#organization"},"potentialAction":[{"@type":"SearchAction","target":{"@type":"EntryPoint","urlTemplate":"https:\/\/www.monteroaramburugva.com\/en\/?s={search_term_string}"},"query-input":{"@type":"PropertyValueSpecification","valueRequired":true,"valueName":"search_term_string"}}],"inLanguage":"en-US"},{"@type":"Organization","@id":"https:\/\/www.monteroaramburugva.com\/en\/#organization","name":"Montero Aramburu &amp; GVA","url":"https:\/\/www.monteroaramburugva.com\/en\/","logo":{"@type":"ImageObject","inLanguage":"en-US","@id":"https:\/\/www.monteroaramburugva.com\/en\/#\/schema\/logo\/image\/","url":"https:\/\/www.monteroaramburugva.com\/wp-content\/uploads\/2025\/03\/Logo.svg","contentUrl":"https:\/\/www.monteroaramburugva.com\/wp-content\/uploads\/2025\/03\/Logo.svg","width":155,"height":65,"caption":"Montero Aramburu &amp; GVA"},"image":{"@id":"https:\/\/www.monteroaramburugva.com\/en\/#\/schema\/logo\/image\/"}}]}</script>
<!-- / Yoast SEO plugin. -->

Ana Mª Feria Plaza - Montero Aramburu &amp; GVA

Montero Aramburu &amp; Gómez-Villares Atencia ofrece asesoramiento legal especializado en diferentes áreas del derecho empresarial y corporativo
