{"id":3414,"date":"2025-06-26T14:37:13","date_gmt":"2025-06-26T12:37:13","guid":{"rendered":"https:\/\/monteroaramburu-stg.servidortemporal.net\/persona\/juan-carlos-jurado-jimenez-2\/"},"modified":"2025-10-27T13:39:56","modified_gmt":"2025-10-27T12:39:56","slug":"juan-carlos-jurado-jimenez","status":"publish","type":"persona","link":"https:\/\/www.monteroaramburugva.com\/en\/persona\/juan-carlos-jurado-jimenez\/","title":{"rendered":"Juan Carlos Jurado Jimenez"},"content":{"rendered":"\r\r<div id=\"CustomizableBox-block_395d6e143effc8215321438d340edfff\" class=\"CustomizableBox  fondo_1\" style='background: \r        linear-gradient(270deg, #D5D5D3 0%, #FFF 100%), \r        linear-gradient(0deg, rgba(213, 213, 211, 0.65) 0%, rgba(213, 213, 211, 0.65) 100%), \r        linear-gradient(0deg, #FFF 0%, #FFF 100%), \r        linear-gradient(0deg, #D5D5D3 0%, #D5D5D3 100%), \r        url(\"https:\/\/www.monteroaramburugva.com\/wp-content\/themes\/montero_aramburu\/assets\/images\/background-22\/fondo_1.webp\")\r        lightgray 50% \/ cover no-repeat;\r        background-blend-mode: soft-light, normal, soft-light, color, normal;\r        background-repeat: no-repeat;\r        background-size: cover;'>\r    <div class=\"container\">\r        <div class=\"row\">\r            <div class=\"col-12\">\r                <div class=\"topColumn texto_plano\">\r                    <div class=\"itemTitulo\"><\/div>\r                                    <\/div>\r                <div class=\"bottomColumn izquierda\">\r                                            <div class=\"itemImagen\" style=\"background-image: url(https:\/\/www.monteroaramburugva.com\/wp-content\/uploads\/2025\/03\/greeenn-speed-scaled.jpg)\"><\/div>\r                                        <div class=\"itemContent hasImage\">\r                                                    <div class=\"boxAcordeon texto_plano\">\r                                                                                                            <div class=\"itemAcordeon tabPlana single\">\r                                            <div class=\"texts\">\r                                                                                                <div class=\"itemTexto\"><p><strong>HIGHER ACADEMIC QUALIFICATIONS<\/strong><\/p>\n<p>Graduate in Law. University of Seville (2004).<\/p>\n<p>Preparation of Competitive entrance examinations &#8211; Legal Corps of the Andalusian Regional Government (2004-2012), having passed four of the five examinations comprising the competitive entrance examination, both in 2007 and 2012.<\/p>\n<p>Member n\u00ba. 108544 of the Madrid Bar Association.<\/p>\n<p><strong>CURRENT PROFESSIONAL EXPERIENCE<\/strong><\/p>\n<p>Specialized in the public and private sectors, both in administrative and contentious proceedings.<\/p>\n<p>Competition Law and State Aid Regulations.<\/p>\n<p>Advising the public sector on the preparation and awarding of contracts, agreements, and management contracts.<\/p>\n<p>Procurement committees, legal counsel for tenders, and appeals (both administrative and judicial) in all matters relating to the award, execution, compliance, and termination of contracts.<\/p>\n<p><strong>TEACHING EXPERIENCE<\/strong><strong>\u00a0<\/strong><\/p>\n<p>He has taught public procurement at the <em>Instituto de Estudios Cajasol<\/em> and is currently part of the Master &#8216;s program in Administrative Law and Public Economic Law, leading sessions on public procurement.<\/p>\n<p><strong>PUBLICATIONS<\/strong><\/p>\n<p>Participaci\u00f3n en el, Tirant lo Blanch, Valencia, 2018 (3 tomos, 2.971 p\u00e1gs.), como coautor del Cap\u00edtulo XIX intitulado<\/p>\n<p>Participation in the \u201c<em>Tratado de Contratos del Sector P\u00fablico<\/em>\u201d, Tirant lo Blanch, Valencia, 2018 (3 volumes, 2,971 pages), as co-author of Chapter XIX entitled \u00ab<em>La aptitud para contratar con el sector p\u00fablico. <\/em><em>Solvencia del empresario<\/em>\u00bb.<\/p>\n<\/div>\r                                            <\/div>\r                                                                                                                                <\/div>\r                                                                                                <\/div>\r                                                                    <\/div>\r                <\/div>\r            <\/div>\r        <\/div>\r    <\/div>\r<\/div>","protected":false},"featured_media":3415,"template":"","meta":{"_acf_changed":true},"cargo":[154,93],"class_list":["post-3414","persona","type-persona","status-publish","has-post-thumbnail","hentry","cargo-senior-associate","cargo-lawyer-in-75"],"acf":[],"yoast_head":"<!-- This site is optimized with the Yoast SEO plugin v27.4 - https:\/\/yoast.com\/product\/yoast-seo-wordpress\/ -->\n<title>Juan Carlos Jurado Jimenez - Montero Aramburu &amp; GVA<\/title>\n<meta name=\"robots\" content=\"index, follow, max-snippet:-1, max-image-preview:large, max-video-preview:-1\" \/>\n<link rel=\"canonical\" href=\"https:\/\/www.monteroaramburugva.com\/en\/persona\/juan-carlos-jurado-jimenez\/\" \/>\n<meta property=\"og:locale\" content=\"en_US\" \/>\n<meta property=\"og:type\" content=\"article\" \/>\n<meta property=\"og:title\" content=\"Juan Carlos Jurado Jimenez - Montero Aramburu &amp; GVA\" \/>\n<meta property=\"og:url\" content=\"https:\/\/www.monteroaramburugva.com\/en\/persona\/juan-carlos-jurado-jimenez\/\" \/>\n<meta property=\"og:site_name\" content=\"Montero Aramburu &amp; GVA\" \/>\n<meta property=\"article:modified_time\" content=\"2025-10-27T12:39:56+00:00\" \/>\n<meta property=\"og:image\" content=\"https:\/\/www.monteroaramburugva.com\/wp-content\/uploads\/2025\/06\/Juan-Carlos-Jurado-web-1.jpg\" \/>\n\t<meta property=\"og:image:width\" content=\"494\" \/>\n\t<meta property=\"og:image:height\" content=\"262\" \/>\n\t<meta property=\"og:image:type\" content=\"image\/jpeg\" \/>\n<meta name=\"twitter:card\" content=\"summary_large_image\" \/>\n<meta name=\"twitter:label1\" content=\"Est. reading time\" \/>\n\t<meta name=\"twitter:data1\" content=\"1 minute\" \/>\n<script type=\"application\/ld+json\" class=\"yoast-schema-graph\">{\"@context\":\"https:\\\/\\\/schema.org\",\"@graph\":[{\"@type\":\"WebPage\",\"@id\":\"https:\\\/\\\/www.monteroaramburugva.com\\\/en\\\/persona\\\/juan-carlos-jurado-jimenez\\\/\",\"url\":\"https:\\\/\\\/www.monteroaramburugva.com\\\/en\\\/persona\\\/juan-carlos-jurado-jimenez\\\/\",\"name\":\"Juan Carlos Jurado Jimenez - Montero Aramburu &amp; GVA\",\"isPartOf\":{\"@id\":\"https:\\\/\\\/www.monteroaramburugva.com\\\/en\\\/#website\"},\"primaryImageOfPage\":{\"@id\":\"https:\\\/\\\/www.monteroaramburugva.com\\\/en\\\/persona\\\/juan-carlos-jurado-jimenez\\\/#primaryimage\"},\"image\":{\"@id\":\"https:\\\/\\\/www.monteroaramburugva.com\\\/en\\\/persona\\\/juan-carlos-jurado-jimenez\\\/#primaryimage\"},\"thumbnailUrl\":\"https:\\\/\\\/www.monteroaramburugva.com\\\/wp-content\\\/uploads\\\/2025\\\/06\\\/Juan-Carlos-Jurado-web-1.jpg\",\"datePublished\":\"2025-06-26T12:37:13+00:00\",\"dateModified\":\"2025-10-27T12:39:56+00:00\",\"breadcrumb\":{\"@id\":\"https:\\\/\\\/www.monteroaramburugva.com\\\/en\\\/persona\\\/juan-carlos-jurado-jimenez\\\/#breadcrumb\"},\"inLanguage\":\"en-US\",\"potentialAction\":[{\"@type\":\"ReadAction\",\"target\":[\"https:\\\/\\\/www.monteroaramburugva.com\\\/en\\\/persona\\\/juan-carlos-jurado-jimenez\\\/\"]}]},{\"@type\":\"ImageObject\",\"inLanguage\":\"en-US\",\"@id\":\"https:\\\/\\\/www.monteroaramburugva.com\\\/en\\\/persona\\\/juan-carlos-jurado-jimenez\\\/#primaryimage\",\"url\":\"https:\\\/\\\/www.monteroaramburugva.com\\\/wp-content\\\/uploads\\\/2025\\\/06\\\/Juan-Carlos-Jurado-web-1.jpg\",\"contentUrl\":\"https:\\\/\\\/www.monteroaramburugva.com\\\/wp-content\\\/uploads\\\/2025\\\/06\\\/Juan-Carlos-Jurado-web-1.jpg\",\"width\":494,\"height\":262},{\"@type\":\"BreadcrumbList\",\"@id\":\"https:\\\/\\\/www.monteroaramburugva.com\\\/en\\\/persona\\\/juan-carlos-jurado-jimenez\\\/#breadcrumb\",\"itemListElement\":[{\"@type\":\"ListItem\",\"position\":1,\"name\":\"Portada\",\"item\":\"https:\\\/\\\/www.monteroaramburugva.com\\\/en\\\/\"},{\"@type\":\"ListItem\",\"position\":2,\"name\":\"Juan Carlos Jurado Jimenez\"}]},{\"@type\":\"WebSite\",\"@id\":\"https:\\\/\\\/www.monteroaramburugva.com\\\/en\\\/#website\",\"url\":\"https:\\\/\\\/www.monteroaramburugva.com\\\/en\\\/\",\"name\":\"Montero Aramburu &amp; GVA\",\"description\":\"Montero Aramburu &amp; G\u00f3mez-Villares Atencia ofrece asesoramiento legal especializado en diferentes \u00e1reas del derecho empresarial y corporativo\",\"publisher\":{\"@id\":\"https:\\\/\\\/www.monteroaramburugva.com\\\/en\\\/#organization\"},\"potentialAction\":[{\"@type\":\"SearchAction\",\"target\":{\"@type\":\"EntryPoint\",\"urlTemplate\":\"https:\\\/\\\/www.monteroaramburugva.com\\\/en\\\/?s={search_term_string}\"},\"query-input\":{\"@type\":\"PropertyValueSpecification\",\"valueRequired\":true,\"valueName\":\"search_term_string\"}}],\"inLanguage\":\"en-US\"},{\"@type\":\"Organization\",\"@id\":\"https:\\\/\\\/www.monteroaramburugva.com\\\/en\\\/#organization\",\"name\":\"Montero Aramburu &amp; GVA\",\"url\":\"https:\\\/\\\/www.monteroaramburugva.com\\\/en\\\/\",\"logo\":{\"@type\":\"ImageObject\",\"inLanguage\":\"en-US\",\"@id\":\"https:\\\/\\\/www.monteroaramburugva.com\\\/en\\\/#\\\/schema\\\/logo\\\/image\\\/\",\"url\":\"https:\\\/\\\/www.monteroaramburugva.com\\\/wp-content\\\/uploads\\\/2025\\\/03\\\/Logo.svg\",\"contentUrl\":\"https:\\\/\\\/www.monteroaramburugva.com\\\/wp-content\\\/uploads\\\/2025\\\/03\\\/Logo.svg\",\"width\":155,\"height\":65,\"caption\":\"Montero Aramburu &amp; GVA\"},\"image\":{\"@id\":\"https:\\\/\\\/www.monteroaramburugva.com\\\/en\\\/#\\\/schema\\\/logo\\\/image\\\/\"}}]}<\/script>\n<!-- \/ Yoast SEO plugin. -->","yoast_head_json":{"title":"Juan Carlos Jurado Jimenez - Montero Aramburu &amp; GVA","robots":{"index":"index","follow":"follow","max-snippet":"max-snippet:-1","max-image-preview":"max-image-preview:large","max-video-preview":"max-video-preview:-1"},"canonical":"https:\/\/www.monteroaramburugva.com\/en\/persona\/juan-carlos-jurado-jimenez\/","og_locale":"en_US","og_type":"article","og_title":"Juan Carlos Jurado Jimenez - Montero Aramburu &amp; GVA","og_url":"https:\/\/www.monteroaramburugva.com\/en\/persona\/juan-carlos-jurado-jimenez\/","og_site_name":"Montero Aramburu &amp; GVA","article_modified_time":"2025-10-27T12:39:56+00:00","og_image":[{"width":494,"height":262,"url":"https:\/\/www.monteroaramburugva.com\/wp-content\/uploads\/2025\/06\/Juan-Carlos-Jurado-web-1.jpg","type":"image\/jpeg"}],"twitter_card":"summary_large_image","twitter_misc":{"Est. reading time":"1 minute"},"schema":{"@context":"https:\/\/schema.org","@graph":[{"@type":"WebPage","@id":"https:\/\/www.monteroaramburugva.com\/en\/persona\/juan-carlos-jurado-jimenez\/","url":"https:\/\/www.monteroaramburugva.com\/en\/persona\/juan-carlos-jurado-jimenez\/","name":"Juan Carlos Jurado Jimenez - Montero Aramburu &amp; GVA","isPartOf":{"@id":"https:\/\/www.monteroaramburugva.com\/en\/#website"},"primaryImageOfPage":{"@id":"https:\/\/www.monteroaramburugva.com\/en\/persona\/juan-carlos-jurado-jimenez\/#primaryimage"},"image":{"@id":"https:\/\/www.monteroaramburugva.com\/en\/persona\/juan-carlos-jurado-jimenez\/#primaryimage"},"thumbnailUrl":"https:\/\/www.monteroaramburugva.com\/wp-content\/uploads\/2025\/06\/Juan-Carlos-Jurado-web-1.jpg","datePublished":"2025-06-26T12:37:13+00:00","dateModified":"2025-10-27T12:39:56+00:00","breadcrumb":{"@id":"https:\/\/www.monteroaramburugva.com\/en\/persona\/juan-carlos-jurado-jimenez\/#breadcrumb"},"inLanguage":"en-US","potentialAction":[{"@type":"ReadAction","target":["https:\/\/www.monteroaramburugva.com\/en\/persona\/juan-carlos-jurado-jimenez\/"]}]},{"@type":"ImageObject","inLanguage":"en-US","@id":"https:\/\/www.monteroaramburugva.com\/en\/persona\/juan-carlos-jurado-jimenez\/#primaryimage","url":"https:\/\/www.monteroaramburugva.com\/wp-content\/uploads\/2025\/06\/Juan-Carlos-Jurado-web-1.jpg","contentUrl":"https:\/\/www.monteroaramburugva.com\/wp-content\/uploads\/2025\/06\/Juan-Carlos-Jurado-web-1.jpg","width":494,"height":262},{"@type":"BreadcrumbList","@id":"https:\/\/www.monteroaramburugva.com\/en\/persona\/juan-carlos-jurado-jimenez\/#breadcrumb","itemListElement":[{"@type":"ListItem","position":1,"name":"Portada","item":"https:\/\/www.monteroaramburugva.com\/en\/"},{"@type":"ListItem","position":2,"name":"Juan Carlos Jurado Jimenez"}]},{"@type":"WebSite","@id":"https:\/\/www.monteroaramburugva.com\/en\/#website","url":"https:\/\/www.monteroaramburugva.com\/en\/","name":"Montero Aramburu &amp; GVA","description":"Montero Aramburu &amp; G\u00f3mez-Villares Atencia ofrece asesoramiento legal especializado en diferentes \u00e1reas del derecho empresarial y corporativo","publisher":{"@id":"https:\/\/www.monteroaramburugva.com\/en\/#organization"},"potentialAction":[{"@type":"SearchAction","target":{"@type":"EntryPoint","urlTemplate":"https:\/\/www.monteroaramburugva.com\/en\/?s={search_term_string}"},"query-input":{"@type":"PropertyValueSpecification","valueRequired":true,"valueName":"search_term_string"}}],"inLanguage":"en-US"},{"@type":"Organization","@id":"https:\/\/www.monteroaramburugva.com\/en\/#organization","name":"Montero Aramburu &amp; GVA","url":"https:\/\/www.monteroaramburugva.com\/en\/","logo":{"@type":"ImageObject","inLanguage":"en-US","@id":"https:\/\/www.monteroaramburugva.com\/en\/#\/schema\/logo\/image\/","url":"https:\/\/www.monteroaramburugva.com\/wp-content\/uploads\/2025\/03\/Logo.svg","contentUrl":"https:\/\/www.monteroaramburugva.com\/wp-content\/uploads\/2025\/03\/Logo.svg","width":155,"height":65,"caption":"Montero Aramburu &amp; GVA"},"image":{"@id":"https:\/\/www.monteroaramburugva.com\/en\/#\/schema\/logo\/image\/"}}]}},"_links":{"self":[{"href":"https:\/\/www.monteroaramburugva.com\/en\/wp-json\/wp\/v2\/persona\/3414","targetHints":{"allow":["GET"]}}],"collection":[{"href":"https:\/\/www.monteroaramburugva.com\/en\/wp-json\/wp\/v2\/persona"}],"about":[{"href":"https:\/\/www.monteroaramburugva.com\/en\/wp-json\/wp\/v2\/types\/persona"}],"wp:featuredmedia":[{"embeddable":true,"href":"https:\/\/www.monteroaramburugva.com\/en\/wp-json\/wp\/v2\/media\/3415"}],"wp:attachment":[{"href":"https:\/\/www.monteroaramburugva.com\/en\/wp-json\/wp\/v2\/media?parent=3414"}],"wp:term":[{"taxonomy":"cargo","embeddable":true,"href":"https:\/\/www.monteroaramburugva.com\/en\/wp-json\/wp\/v2\/cargo?post=3414"}],"curies":[{"name":"wp","href":"https:\/\/api.w.org\/{rel}","templated":true}]}}

<div id="CustomizableBox-block_395d6e143effc8215321438d340edfff" class="CustomizableBox  fondo_1" style='background:         linear-gradient(270deg, #D5D5D3 0%, #FFF 100%),         linear-gradient(0deg, rgba(213, 213, 211, 0.65) 0%, rgba(213, 213, 211, 0.65) 100%),         linear-gradient(0deg, #FFF 0%, #FFF 100%),         linear-gradient(0deg, #D5D5D3 0%, #D5D5D3 100%),         url("https://www.monteroaramburugva.com/wp-content/themes/montero_aramburu/assets/images/background-22/fondo_1.webp")        lightgray 50% / cover no-repeat;        background-blend-mode: soft-light, normal, soft-light, color, normal;        background-repeat: no-repeat;        background-size: cover;'>    <div class="container">        <div class="row">            <div class="col-12">                <div class="topColumn texto_plano">                    <div class="itemTitulo"></div>                                    </div>                <div class="bottomColumn izquierda">                                            <div class="itemImagen" style="background-image: url(https://www.monteroaramburugva.com/wp-content/uploads/2025/03/greeenn-speed-scaled.jpg)"></div>                                        <div class="itemContent hasImage">                                                    <div class="boxAcordeon texto_plano">                                                                                                            <div class="itemAcordeon tabPlana single">                                            <div class="texts">                                                                                                <div class="itemTexto"><p><strong>HIGHER ACADEMIC QUALIFICATIONS</strong></p>
<p>Graduate in Law. University of Seville (2004).</p>
<p>Preparation of Competitive entrance examinations &#8211; Legal Corps of the Andalusian Regional Government (2004-2012), having passed four of the five examinations comprising the competitive entrance examination, both in 2007 and 2012.</p>
<p>Member nº. 108544 of the Madrid Bar Association.</p>
<p><strong>CURRENT PROFESSIONAL EXPERIENCE</strong></p>
<p>Specialized in the public and private sectors, both in administrative and contentious proceedings.</p>
<p>Competition Law and State Aid Regulations.</p>
<p>Advising the public sector on the preparation and awarding of contracts, agreements, and management contracts.</p>
<p>Procurement committees, legal counsel for tenders, and appeals (both administrative and judicial) in all matters relating to the award, execution, compliance, and termination of contracts.</p>
<p><strong>TEACHING EXPERIENCE</strong><strong> </strong></p>
<p>He has taught public procurement at the <em>Instituto de Estudios Cajasol</em> and is currently part of the Master &#8216;s program in Administrative Law and Public Economic Law, leading sessions on public procurement.</p>
<p><strong>PUBLICATIONS</strong></p>
<p>Participación en el, Tirant lo Blanch, Valencia, 2018 (3 tomos, 2.971 págs.), como coautor del Capítulo XIX intitulado</p>
<p>Participation in the “<em>Tratado de Contratos del Sector Público</em>”, Tirant lo Blanch, Valencia, 2018 (3 volumes, 2,971 pages), as co-author of Chapter XIX entitled «<em>La aptitud para contratar con el sector público. </em><em>Solvencia del empresario</em>».</p>
</div>                                            </div>                                                                                                                                </div>                                                                                                </div>                                                                    </div>                </div>            </div>        </div>    </div></div>

<!-- This site is optimized with the Yoast SEO plugin v27.4 - https://yoast.com/product/yoast-seo-wordpress/ -->
<title>Juan Carlos Jurado Jimenez - Montero Aramburu &amp; GVA</title>
<meta name="robots" content="index, follow, max-snippet:-1, max-image-preview:large, max-video-preview:-1" />
<link rel="canonical" href="https://www.monteroaramburugva.com/en/persona/juan-carlos-jurado-jimenez/" />
<meta property="og:locale" content="en_US" />
<meta property="og:type" content="article" />
<meta property="og:title" content="Juan Carlos Jurado Jimenez - Montero Aramburu &amp; GVA" />
<meta property="og:url" content="https://www.monteroaramburugva.com/en/persona/juan-carlos-jurado-jimenez/" />
<meta property="og:site_name" content="Montero Aramburu &amp; GVA" />
<meta property="article:modified_time" content="2025-10-27T12:39:56+00:00" />
<meta property="og:image" content="https://www.monteroaramburugva.com/wp-content/uploads/2025/06/Juan-Carlos-Jurado-web-1.jpg" />
	<meta property="og:image:width" content="494" />
	<meta property="og:image:height" content="262" />
	<meta property="og:image:type" content="image/jpeg" />
<meta name="twitter:card" content="summary_large_image" />
<meta name="twitter:label1" content="Est. reading time" />
	<meta name="twitter:data1" content="1 minute" />
<script type="application/ld+json" class="yoast-schema-graph">{"@context":"https:\/\/schema.org","@graph":[{"@type":"WebPage","@id":"https:\/\/www.monteroaramburugva.com\/en\/persona\/juan-carlos-jurado-jimenez\/","url":"https:\/\/www.monteroaramburugva.com\/en\/persona\/juan-carlos-jurado-jimenez\/","name":"Juan Carlos Jurado Jimenez - Montero Aramburu &amp; GVA","isPartOf":{"@id":"https:\/\/www.monteroaramburugva.com\/en\/#website"},"primaryImageOfPage":{"@id":"https:\/\/www.monteroaramburugva.com\/en\/persona\/juan-carlos-jurado-jimenez\/#primaryimage"},"image":{"@id":"https:\/\/www.monteroaramburugva.com\/en\/persona\/juan-carlos-jurado-jimenez\/#primaryimage"},"thumbnailUrl":"https:\/\/www.monteroaramburugva.com\/wp-content\/uploads\/2025\/06\/Juan-Carlos-Jurado-web-1.jpg","datePublished":"2025-06-26T12:37:13+00:00","dateModified":"2025-10-27T12:39:56+00:00","breadcrumb":{"@id":"https:\/\/www.monteroaramburugva.com\/en\/persona\/juan-carlos-jurado-jimenez\/#breadcrumb"},"inLanguage":"en-US","potentialAction":[{"@type":"ReadAction","target":["https:\/\/www.monteroaramburugva.com\/en\/persona\/juan-carlos-jurado-jimenez\/"]}]},{"@type":"ImageObject","inLanguage":"en-US","@id":"https:\/\/www.monteroaramburugva.com\/en\/persona\/juan-carlos-jurado-jimenez\/#primaryimage","url":"https:\/\/www.monteroaramburugva.com\/wp-content\/uploads\/2025\/06\/Juan-Carlos-Jurado-web-1.jpg","contentUrl":"https:\/\/www.monteroaramburugva.com\/wp-content\/uploads\/2025\/06\/Juan-Carlos-Jurado-web-1.jpg","width":494,"height":262},{"@type":"BreadcrumbList","@id":"https:\/\/www.monteroaramburugva.com\/en\/persona\/juan-carlos-jurado-jimenez\/#breadcrumb","itemListElement":[{"@type":"ListItem","position":1,"name":"Portada","item":"https:\/\/www.monteroaramburugva.com\/en\/"},{"@type":"ListItem","position":2,"name":"Juan Carlos Jurado Jimenez"}]},{"@type":"WebSite","@id":"https:\/\/www.monteroaramburugva.com\/en\/#website","url":"https:\/\/www.monteroaramburugva.com\/en\/","name":"Montero Aramburu &amp; GVA","description":"Montero Aramburu &amp; Gómez-Villares Atencia ofrece asesoramiento legal especializado en diferentes áreas del derecho empresarial y corporativo","publisher":{"@id":"https:\/\/www.monteroaramburugva.com\/en\/#organization"},"potentialAction":[{"@type":"SearchAction","target":{"@type":"EntryPoint","urlTemplate":"https:\/\/www.monteroaramburugva.com\/en\/?s={search_term_string}"},"query-input":{"@type":"PropertyValueSpecification","valueRequired":true,"valueName":"search_term_string"}}],"inLanguage":"en-US"},{"@type":"Organization","@id":"https:\/\/www.monteroaramburugva.com\/en\/#organization","name":"Montero Aramburu &amp; GVA","url":"https:\/\/www.monteroaramburugva.com\/en\/","logo":{"@type":"ImageObject","inLanguage":"en-US","@id":"https:\/\/www.monteroaramburugva.com\/en\/#\/schema\/logo\/image\/","url":"https:\/\/www.monteroaramburugva.com\/wp-content\/uploads\/2025\/03\/Logo.svg","contentUrl":"https:\/\/www.monteroaramburugva.com\/wp-content\/uploads\/2025\/03\/Logo.svg","width":155,"height":65,"caption":"Montero Aramburu &amp; GVA"},"image":{"@id":"https:\/\/www.monteroaramburugva.com\/en\/#\/schema\/logo\/image\/"}}]}</script>
<!-- / Yoast SEO plugin. -->

Montero Aramburu &amp; Gómez-Villares Atencia ofrece asesoramiento legal especializado en diferentes áreas del derecho empresarial y corporativo
