{"id":5097,"date":"2025-07-15T10:29:27","date_gmt":"2025-07-15T08:29:27","guid":{"rendered":"https:\/\/monteroaramburu-stg.servidortemporal.net\/?post_type=medio&#038;p=5097"},"modified":"2025-07-28T10:32:05","modified_gmt":"2025-07-28T08:32:05","slug":"montero-aramburu-gomez-villares-atencia-appoints-two-new-partners","status":"publish","type":"medio","link":"https:\/\/www.monteroaramburugva.com\/en\/medio\/montero-aramburu-gomez-villares-atencia-appoints-two-new-partners\/","title":{"rendered":"Montero Aramburu &amp; G\u00f3mez-Villares Atencia appoints two new partners"},"content":{"rendered":"\r<div id=\"KpisCitas-block_75a91d9801f265cdf5a7d1d46f73885d\" class=\"KpisCitas noKpis noCita\">\r    <div class=\"onTop\">\r        <div class=\"texts\">\r                        <div class=\"txtBtns\">\r                                                    <div class=\"itemTexto\"><p>Seville, July 15, 2025.-\u00a0Montero Aramburu &amp; G\u00f3mez-Villares Atencia announces the appointment of Agust\u00edn Le\u00f3n and Jos\u00e9 Minero as new partners in the Public and Commercial areas, respectively.<\/p>\n<p>Both appointments were approved at the last general partners&#8217; meeting and are part of the firm&#8217;s national growth strategy.<\/p>\n<p><b>Agust\u00edn Le\u00f3n<\/b> joined the Public Law department in Seville in 2002. He is recognized for his expertise in urban planning, water law, aid and subsidies, as well as litigation in public procurement matters. He holds a law degree from the University of Seville and a master&#8217;s degree in Territorial and Urban Policy from the Carlos III University of Madrid.<\/p>\n<p><b>Jos\u00e9 Minero<\/b> joined the Tenerife office in 2012 to develop the litigation and commercial department on the island. As of 2020, he is responsible for developing the commercial practice at the Las Palmas office. He holds a law degree from the University of Huelva and a Master&#8217;s degree in Business Legal Advice from the Instituto de Estudios Cajasol and an Executive Master&#8217;s degree in Business Law from the Centro de Estudios Garrigues in collaboration with Harvard Law School.<\/p>\n<p>Leonardo Neri and Javier Valdecantos, managing partners of the firm, highlight the extensive experience and long-term vision of the new partners, whose appointments \u201creflect the recognition of their excellent personal track records and their firm commitment to promoting colleagues who have developed their professional careers at our firm.\u201d<\/p>\n<\/div>\r                                <div class=\"btns noFirst noSecond\">\r                                                        <\/div>\r            <\/div>\r        <\/div>\r    <\/div>\r        <\/div>\r\r","protected":false},"excerpt":{"rendered":"","protected":false},"featured_media":5096,"template":"","meta":{"_acf_changed":true},"categoria_medio":[131],"class_list":["post-5097","medio","type-medio","status-publish","has-post-thumbnail","hentry","categoria_medio-press-release"],"acf":[],"yoast_head":"<!-- This site is optimized with the Yoast SEO plugin v27.4 - https:\/\/yoast.com\/product\/yoast-seo-wordpress\/ -->\n<title>Montero Aramburu &amp; G\u00f3mez-Villares Atencia appoints two new partners - Montero Aramburu &amp; GVA<\/title>\n<meta name=\"robots\" content=\"index, follow, max-snippet:-1, max-image-preview:large, max-video-preview:-1\" \/>\n<link rel=\"canonical\" href=\"https:\/\/www.monteroaramburugva.com\/en\/medio\/montero-aramburu-gomez-villares-atencia-appoints-two-new-partners\/\" \/>\n<meta property=\"og:locale\" content=\"en_US\" \/>\n<meta property=\"og:type\" content=\"article\" \/>\n<meta property=\"og:title\" content=\"Montero Aramburu &amp; G\u00f3mez-Villares Atencia appoints two new partners - Montero Aramburu &amp; GVA\" \/>\n<meta property=\"og:url\" content=\"https:\/\/www.monteroaramburugva.com\/en\/medio\/montero-aramburu-gomez-villares-atencia-appoints-two-new-partners\/\" \/>\n<meta property=\"og:site_name\" content=\"Montero Aramburu &amp; GVA\" \/>\n<meta property=\"article:modified_time\" content=\"2025-07-28T08:32:05+00:00\" \/>\n<meta property=\"og:image\" content=\"https:\/\/www.monteroaramburugva.com\/wp-content\/uploads\/2025\/07\/Actualidad-Notas-de-prensa-1.png\" \/>\n\t<meta property=\"og:image:width\" content=\"1239\" \/>\n\t<meta property=\"og:image:height\" content=\"525\" \/>\n\t<meta property=\"og:image:type\" content=\"image\/png\" \/>\n<meta name=\"twitter:card\" content=\"summary_large_image\" \/>\n<meta name=\"twitter:label1\" content=\"Est. reading time\" \/>\n\t<meta name=\"twitter:data1\" content=\"1 minute\" \/>\n<script type=\"application\/ld+json\" class=\"yoast-schema-graph\">{\"@context\":\"https:\\\/\\\/schema.org\",\"@graph\":[{\"@type\":\"WebPage\",\"@id\":\"https:\\\/\\\/www.monteroaramburugva.com\\\/en\\\/medio\\\/montero-aramburu-gomez-villares-atencia-appoints-two-new-partners\\\/\",\"url\":\"https:\\\/\\\/www.monteroaramburugva.com\\\/en\\\/medio\\\/montero-aramburu-gomez-villares-atencia-appoints-two-new-partners\\\/\",\"name\":\"Montero Aramburu &amp; G\u00f3mez-Villares Atencia appoints two new partners - Montero Aramburu &amp; GVA\",\"isPartOf\":{\"@id\":\"https:\\\/\\\/www.monteroaramburugva.com\\\/en\\\/#website\"},\"primaryImageOfPage\":{\"@id\":\"https:\\\/\\\/www.monteroaramburugva.com\\\/en\\\/medio\\\/montero-aramburu-gomez-villares-atencia-appoints-two-new-partners\\\/#primaryimage\"},\"image\":{\"@id\":\"https:\\\/\\\/www.monteroaramburugva.com\\\/en\\\/medio\\\/montero-aramburu-gomez-villares-atencia-appoints-two-new-partners\\\/#primaryimage\"},\"thumbnailUrl\":\"https:\\\/\\\/www.monteroaramburugva.com\\\/wp-content\\\/uploads\\\/2025\\\/07\\\/Actualidad-Notas-de-prensa-1.png\",\"datePublished\":\"2025-07-15T08:29:27+00:00\",\"dateModified\":\"2025-07-28T08:32:05+00:00\",\"breadcrumb\":{\"@id\":\"https:\\\/\\\/www.monteroaramburugva.com\\\/en\\\/medio\\\/montero-aramburu-gomez-villares-atencia-appoints-two-new-partners\\\/#breadcrumb\"},\"inLanguage\":\"en-US\",\"potentialAction\":[{\"@type\":\"ReadAction\",\"target\":[\"https:\\\/\\\/www.monteroaramburugva.com\\\/en\\\/medio\\\/montero-aramburu-gomez-villares-atencia-appoints-two-new-partners\\\/\"]}]},{\"@type\":\"ImageObject\",\"inLanguage\":\"en-US\",\"@id\":\"https:\\\/\\\/www.monteroaramburugva.com\\\/en\\\/medio\\\/montero-aramburu-gomez-villares-atencia-appoints-two-new-partners\\\/#primaryimage\",\"url\":\"https:\\\/\\\/www.monteroaramburugva.com\\\/wp-content\\\/uploads\\\/2025\\\/07\\\/Actualidad-Notas-de-prensa-1.png\",\"contentUrl\":\"https:\\\/\\\/www.monteroaramburugva.com\\\/wp-content\\\/uploads\\\/2025\\\/07\\\/Actualidad-Notas-de-prensa-1.png\",\"width\":1239,\"height\":525},{\"@type\":\"BreadcrumbList\",\"@id\":\"https:\\\/\\\/www.monteroaramburugva.com\\\/en\\\/medio\\\/montero-aramburu-gomez-villares-atencia-appoints-two-new-partners\\\/#breadcrumb\",\"itemListElement\":[{\"@type\":\"ListItem\",\"position\":1,\"name\":\"Portada\",\"item\":\"https:\\\/\\\/www.monteroaramburugva.com\\\/en\\\/\"},{\"@type\":\"ListItem\",\"position\":2,\"name\":\"Montero Aramburu &amp; G\u00f3mez-Villares Atencia appoints two new partners\"}]},{\"@type\":\"WebSite\",\"@id\":\"https:\\\/\\\/www.monteroaramburugva.com\\\/en\\\/#website\",\"url\":\"https:\\\/\\\/www.monteroaramburugva.com\\\/en\\\/\",\"name\":\"Montero Aramburu &amp; GVA\",\"description\":\"Montero Aramburu &amp; G\u00f3mez-Villares Atencia ofrece asesoramiento legal especializado en diferentes \u00e1reas del derecho empresarial y corporativo\",\"publisher\":{\"@id\":\"https:\\\/\\\/www.monteroaramburugva.com\\\/en\\\/#organization\"},\"potentialAction\":[{\"@type\":\"SearchAction\",\"target\":{\"@type\":\"EntryPoint\",\"urlTemplate\":\"https:\\\/\\\/www.monteroaramburugva.com\\\/en\\\/?s={search_term_string}\"},\"query-input\":{\"@type\":\"PropertyValueSpecification\",\"valueRequired\":true,\"valueName\":\"search_term_string\"}}],\"inLanguage\":\"en-US\"},{\"@type\":\"Organization\",\"@id\":\"https:\\\/\\\/www.monteroaramburugva.com\\\/en\\\/#organization\",\"name\":\"Montero Aramburu &amp; GVA\",\"url\":\"https:\\\/\\\/www.monteroaramburugva.com\\\/en\\\/\",\"logo\":{\"@type\":\"ImageObject\",\"inLanguage\":\"en-US\",\"@id\":\"https:\\\/\\\/www.monteroaramburugva.com\\\/en\\\/#\\\/schema\\\/logo\\\/image\\\/\",\"url\":\"https:\\\/\\\/www.monteroaramburugva.com\\\/wp-content\\\/uploads\\\/2025\\\/03\\\/Logo.svg\",\"contentUrl\":\"https:\\\/\\\/www.monteroaramburugva.com\\\/wp-content\\\/uploads\\\/2025\\\/03\\\/Logo.svg\",\"width\":155,\"height\":65,\"caption\":\"Montero Aramburu &amp; GVA\"},\"image\":{\"@id\":\"https:\\\/\\\/www.monteroaramburugva.com\\\/en\\\/#\\\/schema\\\/logo\\\/image\\\/\"}}]}<\/script>\n<!-- \/ Yoast SEO plugin. -->","yoast_head_json":{"title":"Montero Aramburu &amp; G\u00f3mez-Villares Atencia appoints two new partners - Montero Aramburu &amp; GVA","robots":{"index":"index","follow":"follow","max-snippet":"max-snippet:-1","max-image-preview":"max-image-preview:large","max-video-preview":"max-video-preview:-1"},"canonical":"https:\/\/www.monteroaramburugva.com\/en\/medio\/montero-aramburu-gomez-villares-atencia-appoints-two-new-partners\/","og_locale":"en_US","og_type":"article","og_title":"Montero Aramburu &amp; G\u00f3mez-Villares Atencia appoints two new partners - Montero Aramburu &amp; GVA","og_url":"https:\/\/www.monteroaramburugva.com\/en\/medio\/montero-aramburu-gomez-villares-atencia-appoints-two-new-partners\/","og_site_name":"Montero Aramburu &amp; GVA","article_modified_time":"2025-07-28T08:32:05+00:00","og_image":[{"width":1239,"height":525,"url":"https:\/\/www.monteroaramburugva.com\/wp-content\/uploads\/2025\/07\/Actualidad-Notas-de-prensa-1.png","type":"image\/png"}],"twitter_card":"summary_large_image","twitter_misc":{"Est. reading time":"1 minute"},"schema":{"@context":"https:\/\/schema.org","@graph":[{"@type":"WebPage","@id":"https:\/\/www.monteroaramburugva.com\/en\/medio\/montero-aramburu-gomez-villares-atencia-appoints-two-new-partners\/","url":"https:\/\/www.monteroaramburugva.com\/en\/medio\/montero-aramburu-gomez-villares-atencia-appoints-two-new-partners\/","name":"Montero Aramburu &amp; G\u00f3mez-Villares Atencia appoints two new partners - Montero Aramburu &amp; GVA","isPartOf":{"@id":"https:\/\/www.monteroaramburugva.com\/en\/#website"},"primaryImageOfPage":{"@id":"https:\/\/www.monteroaramburugva.com\/en\/medio\/montero-aramburu-gomez-villares-atencia-appoints-two-new-partners\/#primaryimage"},"image":{"@id":"https:\/\/www.monteroaramburugva.com\/en\/medio\/montero-aramburu-gomez-villares-atencia-appoints-two-new-partners\/#primaryimage"},"thumbnailUrl":"https:\/\/www.monteroaramburugva.com\/wp-content\/uploads\/2025\/07\/Actualidad-Notas-de-prensa-1.png","datePublished":"2025-07-15T08:29:27+00:00","dateModified":"2025-07-28T08:32:05+00:00","breadcrumb":{"@id":"https:\/\/www.monteroaramburugva.com\/en\/medio\/montero-aramburu-gomez-villares-atencia-appoints-two-new-partners\/#breadcrumb"},"inLanguage":"en-US","potentialAction":[{"@type":"ReadAction","target":["https:\/\/www.monteroaramburugva.com\/en\/medio\/montero-aramburu-gomez-villares-atencia-appoints-two-new-partners\/"]}]},{"@type":"ImageObject","inLanguage":"en-US","@id":"https:\/\/www.monteroaramburugva.com\/en\/medio\/montero-aramburu-gomez-villares-atencia-appoints-two-new-partners\/#primaryimage","url":"https:\/\/www.monteroaramburugva.com\/wp-content\/uploads\/2025\/07\/Actualidad-Notas-de-prensa-1.png","contentUrl":"https:\/\/www.monteroaramburugva.com\/wp-content\/uploads\/2025\/07\/Actualidad-Notas-de-prensa-1.png","width":1239,"height":525},{"@type":"BreadcrumbList","@id":"https:\/\/www.monteroaramburugva.com\/en\/medio\/montero-aramburu-gomez-villares-atencia-appoints-two-new-partners\/#breadcrumb","itemListElement":[{"@type":"ListItem","position":1,"name":"Portada","item":"https:\/\/www.monteroaramburugva.com\/en\/"},{"@type":"ListItem","position":2,"name":"Montero Aramburu &amp; G\u00f3mez-Villares Atencia appoints two new partners"}]},{"@type":"WebSite","@id":"https:\/\/www.monteroaramburugva.com\/en\/#website","url":"https:\/\/www.monteroaramburugva.com\/en\/","name":"Montero Aramburu &amp; GVA","description":"Montero Aramburu &amp; G\u00f3mez-Villares Atencia ofrece asesoramiento legal especializado en diferentes \u00e1reas del derecho empresarial y corporativo","publisher":{"@id":"https:\/\/www.monteroaramburugva.com\/en\/#organization"},"potentialAction":[{"@type":"SearchAction","target":{"@type":"EntryPoint","urlTemplate":"https:\/\/www.monteroaramburugva.com\/en\/?s={search_term_string}"},"query-input":{"@type":"PropertyValueSpecification","valueRequired":true,"valueName":"search_term_string"}}],"inLanguage":"en-US"},{"@type":"Organization","@id":"https:\/\/www.monteroaramburugva.com\/en\/#organization","name":"Montero Aramburu &amp; GVA","url":"https:\/\/www.monteroaramburugva.com\/en\/","logo":{"@type":"ImageObject","inLanguage":"en-US","@id":"https:\/\/www.monteroaramburugva.com\/en\/#\/schema\/logo\/image\/","url":"https:\/\/www.monteroaramburugva.com\/wp-content\/uploads\/2025\/03\/Logo.svg","contentUrl":"https:\/\/www.monteroaramburugva.com\/wp-content\/uploads\/2025\/03\/Logo.svg","width":155,"height":65,"caption":"Montero Aramburu &amp; GVA"},"image":{"@id":"https:\/\/www.monteroaramburugva.com\/en\/#\/schema\/logo\/image\/"}}]}},"_links":{"self":[{"href":"https:\/\/www.monteroaramburugva.com\/en\/wp-json\/wp\/v2\/medio\/5097","targetHints":{"allow":["GET"]}}],"collection":[{"href":"https:\/\/www.monteroaramburugva.com\/en\/wp-json\/wp\/v2\/medio"}],"about":[{"href":"https:\/\/www.monteroaramburugva.com\/en\/wp-json\/wp\/v2\/types\/medio"}],"wp:featuredmedia":[{"embeddable":true,"href":"https:\/\/www.monteroaramburugva.com\/en\/wp-json\/wp\/v2\/media\/5096"}],"wp:attachment":[{"href":"https:\/\/www.monteroaramburugva.com\/en\/wp-json\/wp\/v2\/media?parent=5097"}],"wp:term":[{"taxonomy":"categoria_medio","embeddable":true,"href":"https:\/\/www.monteroaramburugva.com\/en\/wp-json\/wp\/v2\/categoria_medio?post=5097"}],"curies":[{"name":"wp","href":"https:\/\/api.w.org\/{rel}","templated":true}]}}

Montero Aramburu &amp; Gómez-Villares Atencia appoints two new partners

<div id="KpisCitas-block_75a91d9801f265cdf5a7d1d46f73885d" class="KpisCitas noKpis noCita">    <div class="onTop">        <div class="texts">                        <div class="txtBtns">                                                    <div class="itemTexto"><p>Seville, July 15, 2025.- Montero Aramburu &amp; Gómez-Villares Atencia announces the appointment of Agustín León and José Minero as new partners in the Public and Commercial areas, respectively.</p>
<p>Both appointments were approved at the last general partners&#8217; meeting and are part of the firm&#8217;s national growth strategy.</p>
<p><b>Agustín León</b> joined the Public Law department in Seville in 2002. He is recognized for his expertise in urban planning, water law, aid and subsidies, as well as litigation in public procurement matters. He holds a law degree from the University of Seville and a master&#8217;s degree in Territorial and Urban Policy from the Carlos III University of Madrid.</p>
<p><b>José Minero</b> joined the Tenerife office in 2012 to develop the litigation and commercial department on the island. As of 2020, he is responsible for developing the commercial practice at the Las Palmas office. He holds a law degree from the University of Huelva and a Master&#8217;s degree in Business Legal Advice from the Instituto de Estudios Cajasol and an Executive Master&#8217;s degree in Business Law from the Centro de Estudios Garrigues in collaboration with Harvard Law School.</p>
<p>Leonardo Neri and Javier Valdecantos, managing partners of the firm, highlight the extensive experience and long-term vision of the new partners, whose appointments “reflect the recognition of their excellent personal track records and their firm commitment to promoting colleagues who have developed their professional careers at our firm.”</p>
</div>                                <div class="btns noFirst noSecond">                                                        </div>            </div>        </div>    </div>        </div>

<!-- This site is optimized with the Yoast SEO plugin v27.4 - https://yoast.com/product/yoast-seo-wordpress/ -->
<title>Montero Aramburu &amp; Gómez-Villares Atencia appoints two new partners - Montero Aramburu &amp; GVA</title>
<meta name="robots" content="index, follow, max-snippet:-1, max-image-preview:large, max-video-preview:-1" />
<link rel="canonical" href="https://www.monteroaramburugva.com/en/medio/montero-aramburu-gomez-villares-atencia-appoints-two-new-partners/" />
<meta property="og:locale" content="en_US" />
<meta property="og:type" content="article" />
<meta property="og:title" content="Montero Aramburu &amp; Gómez-Villares Atencia appoints two new partners - Montero Aramburu &amp; GVA" />
<meta property="og:url" content="https://www.monteroaramburugva.com/en/medio/montero-aramburu-gomez-villares-atencia-appoints-two-new-partners/" />
<meta property="og:site_name" content="Montero Aramburu &amp; GVA" />
<meta property="article:modified_time" content="2025-07-28T08:32:05+00:00" />
<meta property="og:image" content="https://www.monteroaramburugva.com/wp-content/uploads/2025/07/Actualidad-Notas-de-prensa-1.png" />
	<meta property="og:image:width" content="1239" />
	<meta property="og:image:height" content="525" />
	<meta property="og:image:type" content="image/png" />
<meta name="twitter:card" content="summary_large_image" />
<meta name="twitter:label1" content="Est. reading time" />
	<meta name="twitter:data1" content="1 minute" />
<script type="application/ld+json" class="yoast-schema-graph">{"@context":"https:\/\/schema.org","@graph":[{"@type":"WebPage","@id":"https:\/\/www.monteroaramburugva.com\/en\/medio\/montero-aramburu-gomez-villares-atencia-appoints-two-new-partners\/","url":"https:\/\/www.monteroaramburugva.com\/en\/medio\/montero-aramburu-gomez-villares-atencia-appoints-two-new-partners\/","name":"Montero Aramburu &amp; Gómez-Villares Atencia appoints two new partners - Montero Aramburu &amp; GVA","isPartOf":{"@id":"https:\/\/www.monteroaramburugva.com\/en\/#website"},"primaryImageOfPage":{"@id":"https:\/\/www.monteroaramburugva.com\/en\/medio\/montero-aramburu-gomez-villares-atencia-appoints-two-new-partners\/#primaryimage"},"image":{"@id":"https:\/\/www.monteroaramburugva.com\/en\/medio\/montero-aramburu-gomez-villares-atencia-appoints-two-new-partners\/#primaryimage"},"thumbnailUrl":"https:\/\/www.monteroaramburugva.com\/wp-content\/uploads\/2025\/07\/Actualidad-Notas-de-prensa-1.png","datePublished":"2025-07-15T08:29:27+00:00","dateModified":"2025-07-28T08:32:05+00:00","breadcrumb":{"@id":"https:\/\/www.monteroaramburugva.com\/en\/medio\/montero-aramburu-gomez-villares-atencia-appoints-two-new-partners\/#breadcrumb"},"inLanguage":"en-US","potentialAction":[{"@type":"ReadAction","target":["https:\/\/www.monteroaramburugva.com\/en\/medio\/montero-aramburu-gomez-villares-atencia-appoints-two-new-partners\/"]}]},{"@type":"ImageObject","inLanguage":"en-US","@id":"https:\/\/www.monteroaramburugva.com\/en\/medio\/montero-aramburu-gomez-villares-atencia-appoints-two-new-partners\/#primaryimage","url":"https:\/\/www.monteroaramburugva.com\/wp-content\/uploads\/2025\/07\/Actualidad-Notas-de-prensa-1.png","contentUrl":"https:\/\/www.monteroaramburugva.com\/wp-content\/uploads\/2025\/07\/Actualidad-Notas-de-prensa-1.png","width":1239,"height":525},{"@type":"BreadcrumbList","@id":"https:\/\/www.monteroaramburugva.com\/en\/medio\/montero-aramburu-gomez-villares-atencia-appoints-two-new-partners\/#breadcrumb","itemListElement":[{"@type":"ListItem","position":1,"name":"Portada","item":"https:\/\/www.monteroaramburugva.com\/en\/"},{"@type":"ListItem","position":2,"name":"Montero Aramburu &amp; Gómez-Villares Atencia appoints two new partners"}]},{"@type":"WebSite","@id":"https:\/\/www.monteroaramburugva.com\/en\/#website","url":"https:\/\/www.monteroaramburugva.com\/en\/","name":"Montero Aramburu &amp; GVA","description":"Montero Aramburu &amp; Gómez-Villares Atencia ofrece asesoramiento legal especializado en diferentes áreas del derecho empresarial y corporativo","publisher":{"@id":"https:\/\/www.monteroaramburugva.com\/en\/#organization"},"potentialAction":[{"@type":"SearchAction","target":{"@type":"EntryPoint","urlTemplate":"https:\/\/www.monteroaramburugva.com\/en\/?s={search_term_string}"},"query-input":{"@type":"PropertyValueSpecification","valueRequired":true,"valueName":"search_term_string"}}],"inLanguage":"en-US"},{"@type":"Organization","@id":"https:\/\/www.monteroaramburugva.com\/en\/#organization","name":"Montero Aramburu &amp; GVA","url":"https:\/\/www.monteroaramburugva.com\/en\/","logo":{"@type":"ImageObject","inLanguage":"en-US","@id":"https:\/\/www.monteroaramburugva.com\/en\/#\/schema\/logo\/image\/","url":"https:\/\/www.monteroaramburugva.com\/wp-content\/uploads\/2025\/03\/Logo.svg","contentUrl":"https:\/\/www.monteroaramburugva.com\/wp-content\/uploads\/2025\/03\/Logo.svg","width":155,"height":65,"caption":"Montero Aramburu &amp; GVA"},"image":{"@id":"https:\/\/www.monteroaramburugva.com\/en\/#\/schema\/logo\/image\/"}}]}</script>
<!-- / Yoast SEO plugin. -->

Montero Aramburu &amp; Gómez-Villares Atencia appoints two new partners - Montero Aramburu &amp; GVA

Montero Aramburu &amp; Gómez-Villares Atencia ofrece asesoramiento legal especializado en diferentes áreas del derecho empresarial y corporativo
